{"id":4605,"date":"2023-11-15T18:37:07","date_gmt":"2023-11-15T18:37:07","guid":{"rendered":"https:\/\/www.deplaatmaat.nl\/faq-items\/eigene-farbe-und-eigenes-logo\/"},"modified":"2024-11-19T14:25:17","modified_gmt":"2024-11-19T14:25:17","slug":"eigene-farbe-und-eigenes-logo","status":"publish","type":"avada_faq","link":"https:\/\/www.deplaatmaat.nl\/de\/faq-items\/eigene-farbe-und-eigenes-logo\/","title":{"rendered":"Eigene Farbe und eigenes Logo"},"content":{"rendered":"<p>Die Grundfarbe ist Schwarz. Ab einer Bestellmenge von 500 St\u00fcck ist es gegen einen geringen Aufpreis m\u00f6glich, Ihre eigene RAL-Farbe anzugeben. Auf diese Weise ist immer klar, welche B\u00f6cke Ihnen geh\u00f6ren. Dar\u00fcber hinaus ist es m\u00f6glich, Ihre Eimer mit einer personalisierten Platte zu versehen. Hier k\u00f6nnen Sie Ihr eigenes Design einbringen. Zum Beispiel Ihr Firmenlogo oder das Kennzeichen Ihres Bocks. Das hat den gro\u00dfen Vorteil, dass die B\u00f6cke auf den ersten Blick als Ihr Eigentum zu erkennen sind, was Diebstahl und Verlust verhindert.      <\/p>\n","protected":false},"excerpt":{"rendered":"<p>Die Grundfarbe ist Schwarz. Ab einer Bestellmenge von 500 St\u00fcck  [&#8230;]<\/p>\n","protected":false},"author":1,"featured_media":0,"menu_order":0,"comment_status":"open","ping_status":"closed","template":"","format":"standard","meta":{"_acf_changed":false,"footnotes":""},"faq_category":[47],"class_list":["post-4605","avada_faq","type-avada_faq","status-publish","format-standard","hentry","faq_category-vorteile"],"acf":[],"yoast_head":"<!-- This site is optimized with the Yoast SEO plugin v27.5 - https:\/\/yoast.com\/product\/yoast-seo-wordpress\/ -->\n<title>- %<\/title>\n<meta name=\"robots\" content=\"index, follow, max-snippet:-1, max-image-preview:large, max-video-preview:-1\" \/>\n<link rel=\"canonical\" href=\"https:\/\/www.deplaatmaat.nl\/de\/?post_type=avada_faq&p=4605\" \/>\n<meta property=\"og:locale\" content=\"de_DE\" \/>\n<meta property=\"og:type\" content=\"article\" \/>\n<meta property=\"og:title\" content=\"- %\" \/>\n<meta property=\"og:description\" content=\"Die Grundfarbe ist Schwarz. Ab einer Bestellmenge von 500 St\u00fcck [...]\" \/>\n<meta property=\"og:url\" content=\"https:\/\/www.deplaatmaat.nl\/de\/?post_type=avada_faq&amp;p=4605\" \/>\n<meta property=\"og:site_name\" content=\"De Plaatmaat\" \/>\n<meta property=\"article:publisher\" content=\"https:\/\/www.facebook.com\/deplaatmaat\/\" \/>\n<meta property=\"article:modified_time\" content=\"2024-11-19T14:25:17+00:00\" \/>\n<meta name=\"twitter:card\" content=\"summary_large_image\" \/>\n<script type=\"application\/ld+json\" class=\"yoast-schema-graph\">{\"@context\":\"https:\\\/\\\/schema.org\",\"@graph\":[{\"@type\":\"WebPage\",\"@id\":\"https:\\\/\\\/www.deplaatmaat.nl\\\/de\\\/?post_type=avada_faq&p=4605\",\"url\":\"https:\\\/\\\/www.deplaatmaat.nl\\\/de\\\/?post_type=avada_faq&p=4605\",\"name\":\"- %\",\"isPartOf\":{\"@id\":\"https:\\\/\\\/www.deplaatmaat.nl\\\/#website\"},\"datePublished\":\"2023-11-15T18:37:07+00:00\",\"dateModified\":\"2024-11-19T14:25:17+00:00\",\"breadcrumb\":{\"@id\":\"https:\\\/\\\/www.deplaatmaat.nl\\\/de\\\/?post_type=avada_faq&p=4605#breadcrumb\"},\"inLanguage\":\"de\",\"potentialAction\":[{\"@type\":\"ReadAction\",\"target\":[\"https:\\\/\\\/www.deplaatmaat.nl\\\/de\\\/?post_type=avada_faq&p=4605\"]}]},{\"@type\":\"BreadcrumbList\",\"@id\":\"https:\\\/\\\/www.deplaatmaat.nl\\\/de\\\/?post_type=avada_faq&p=4605#breadcrumb\",\"itemListElement\":[{\"@type\":\"ListItem\",\"position\":1,\"name\":\"Startseite\",\"item\":\"https:\\\/\\\/www.deplaatmaat.nl\\\/de\\\/\"},{\"@type\":\"ListItem\",\"position\":2,\"name\":\"FAQs\",\"item\":\"https:\\\/\\\/www.deplaatmaat.nl\\\/faq-items\\\/\"},{\"@type\":\"ListItem\",\"position\":3,\"name\":\"Eigene Farbe und eigenes Logo\"}]},{\"@type\":\"WebSite\",\"@id\":\"https:\\\/\\\/www.deplaatmaat.nl\\\/#website\",\"url\":\"https:\\\/\\\/www.deplaatmaat.nl\\\/\",\"name\":\"De Plaatmaat\",\"description\":\"\",\"publisher\":{\"@id\":\"https:\\\/\\\/www.deplaatmaat.nl\\\/#organization\"},\"potentialAction\":[{\"@type\":\"SearchAction\",\"target\":{\"@type\":\"EntryPoint\",\"urlTemplate\":\"https:\\\/\\\/www.deplaatmaat.nl\\\/?s={search_term_string}\"},\"query-input\":{\"@type\":\"PropertyValueSpecification\",\"valueRequired\":true,\"valueName\":\"search_term_string\"}}],\"inLanguage\":\"de\"},{\"@type\":\"Organization\",\"@id\":\"https:\\\/\\\/www.deplaatmaat.nl\\\/#organization\",\"name\":\"De Plaatmaat\",\"url\":\"https:\\\/\\\/www.deplaatmaat.nl\\\/\",\"logo\":{\"@type\":\"ImageObject\",\"inLanguage\":\"de\",\"@id\":\"https:\\\/\\\/www.deplaatmaat.nl\\\/#\\\/schema\\\/logo\\\/image\\\/\",\"url\":\"https:\\\/\\\/www.deplaatmaat.nl\\\/wp-content\\\/uploads\\\/2024\\\/09\\\/240826_Deplaatmaat_Icoon_Vierkant_RoodZwart_RGB.png\",\"contentUrl\":\"https:\\\/\\\/www.deplaatmaat.nl\\\/wp-content\\\/uploads\\\/2024\\\/09\\\/240826_Deplaatmaat_Icoon_Vierkant_RoodZwart_RGB.png\",\"width\":1948,\"height\":1947,\"caption\":\"De Plaatmaat\"},\"image\":{\"@id\":\"https:\\\/\\\/www.deplaatmaat.nl\\\/#\\\/schema\\\/logo\\\/image\\\/\"},\"sameAs\":[\"https:\\\/\\\/www.facebook.com\\\/deplaatmaat\\\/\",\"https:\\\/\\\/nl.linkedin.com\\\/company\\\/de-plaatmaat\"]}]}<\/script>\n<!-- \/ Yoast SEO plugin. -->","yoast_head_json":{"title":"- %","robots":{"index":"index","follow":"follow","max-snippet":"max-snippet:-1","max-image-preview":"max-image-preview:large","max-video-preview":"max-video-preview:-1"},"canonical":"https:\/\/www.deplaatmaat.nl\/de\/?post_type=avada_faq&p=4605","og_locale":"de_DE","og_type":"article","og_title":"- %","og_description":"Die Grundfarbe ist Schwarz. Ab einer Bestellmenge von 500 St\u00fcck [...]","og_url":"https:\/\/www.deplaatmaat.nl\/de\/?post_type=avada_faq&p=4605","og_site_name":"De Plaatmaat","article_publisher":"https:\/\/www.facebook.com\/deplaatmaat\/","article_modified_time":"2024-11-19T14:25:17+00:00","twitter_card":"summary_large_image","schema":{"@context":"https:\/\/schema.org","@graph":[{"@type":"WebPage","@id":"https:\/\/www.deplaatmaat.nl\/de\/?post_type=avada_faq&p=4605","url":"https:\/\/www.deplaatmaat.nl\/de\/?post_type=avada_faq&p=4605","name":"- %","isPartOf":{"@id":"https:\/\/www.deplaatmaat.nl\/#website"},"datePublished":"2023-11-15T18:37:07+00:00","dateModified":"2024-11-19T14:25:17+00:00","breadcrumb":{"@id":"https:\/\/www.deplaatmaat.nl\/de\/?post_type=avada_faq&p=4605#breadcrumb"},"inLanguage":"de","potentialAction":[{"@type":"ReadAction","target":["https:\/\/www.deplaatmaat.nl\/de\/?post_type=avada_faq&p=4605"]}]},{"@type":"BreadcrumbList","@id":"https:\/\/www.deplaatmaat.nl\/de\/?post_type=avada_faq&p=4605#breadcrumb","itemListElement":[{"@type":"ListItem","position":1,"name":"Startseite","item":"https:\/\/www.deplaatmaat.nl\/de\/"},{"@type":"ListItem","position":2,"name":"FAQs","item":"https:\/\/www.deplaatmaat.nl\/faq-items\/"},{"@type":"ListItem","position":3,"name":"Eigene Farbe und eigenes Logo"}]},{"@type":"WebSite","@id":"https:\/\/www.deplaatmaat.nl\/#website","url":"https:\/\/www.deplaatmaat.nl\/","name":"De Plaatmaat","description":"","publisher":{"@id":"https:\/\/www.deplaatmaat.nl\/#organization"},"potentialAction":[{"@type":"SearchAction","target":{"@type":"EntryPoint","urlTemplate":"https:\/\/www.deplaatmaat.nl\/?s={search_term_string}"},"query-input":{"@type":"PropertyValueSpecification","valueRequired":true,"valueName":"search_term_string"}}],"inLanguage":"de"},{"@type":"Organization","@id":"https:\/\/www.deplaatmaat.nl\/#organization","name":"De Plaatmaat","url":"https:\/\/www.deplaatmaat.nl\/","logo":{"@type":"ImageObject","inLanguage":"de","@id":"https:\/\/www.deplaatmaat.nl\/#\/schema\/logo\/image\/","url":"https:\/\/www.deplaatmaat.nl\/wp-content\/uploads\/2024\/09\/240826_Deplaatmaat_Icoon_Vierkant_RoodZwart_RGB.png","contentUrl":"https:\/\/www.deplaatmaat.nl\/wp-content\/uploads\/2024\/09\/240826_Deplaatmaat_Icoon_Vierkant_RoodZwart_RGB.png","width":1948,"height":1947,"caption":"De Plaatmaat"},"image":{"@id":"https:\/\/www.deplaatmaat.nl\/#\/schema\/logo\/image\/"},"sameAs":["https:\/\/www.facebook.com\/deplaatmaat\/","https:\/\/nl.linkedin.com\/company\/de-plaatmaat"]}]}},"_links":{"self":[{"href":"https:\/\/www.deplaatmaat.nl\/de\/wp-json\/wp\/v2\/avada_faq\/4605","targetHints":{"allow":["GET"]}}],"collection":[{"href":"https:\/\/www.deplaatmaat.nl\/de\/wp-json\/wp\/v2\/avada_faq"}],"about":[{"href":"https:\/\/www.deplaatmaat.nl\/de\/wp-json\/wp\/v2\/types\/avada_faq"}],"author":[{"embeddable":true,"href":"https:\/\/www.deplaatmaat.nl\/de\/wp-json\/wp\/v2\/users\/1"}],"replies":[{"embeddable":true,"href":"https:\/\/www.deplaatmaat.nl\/de\/wp-json\/wp\/v2\/comments?post=4605"}],"version-history":[{"count":1,"href":"https:\/\/www.deplaatmaat.nl\/de\/wp-json\/wp\/v2\/avada_faq\/4605\/revisions"}],"predecessor-version":[{"id":4607,"href":"https:\/\/www.deplaatmaat.nl\/de\/wp-json\/wp\/v2\/avada_faq\/4605\/revisions\/4607"}],"wp:attachment":[{"href":"https:\/\/www.deplaatmaat.nl\/de\/wp-json\/wp\/v2\/media?parent=4605"}],"wp:term":[{"taxonomy":"faq_category","embeddable":true,"href":"https:\/\/www.deplaatmaat.nl\/de\/wp-json\/wp\/v2\/faq_category?post=4605"}],"curies":[{"name":"wp","href":"https:\/\/api.w.org\/{rel}","templated":true}]}}

<p>Die Grundfarbe ist Schwarz. Ab einer Bestellmenge von 500 Stück ist es gegen einen geringen Aufpreis möglich, Ihre eigene RAL-Farbe anzugeben. Auf diese Weise ist immer klar, welche Böcke Ihnen gehören. Darüber hinaus ist es möglich, Ihre Eimer mit einer personalisierten Platte zu versehen. Hier können Sie Ihr eigenes Design einbringen. Zum Beispiel Ihr Firmenlogo oder das Kennzeichen Ihres Bocks. Das hat den großen Vorteil, dass die Böcke auf den ersten Blick als Ihr Eigentum zu erkennen sind, was Diebstahl und Verlust verhindert.      </p>

<p>Die Grundfarbe ist Schwarz. Ab einer Bestellmenge von 500 Stück  [&#8230;]</p>

<!-- This site is optimized with the Yoast SEO plugin v27.5 - https://yoast.com/product/yoast-seo-wordpress/ -->
<title>- %</title>
<meta name="robots" content="index, follow, max-snippet:-1, max-image-preview:large, max-video-preview:-1" />
<link rel="canonical" href="https://www.deplaatmaat.nl/de/?post_type=avada_faq&p=4605" />
<meta property="og:locale" content="de_DE" />
<meta property="og:type" content="article" />
<meta property="og:title" content="- %" />
<meta property="og:description" content="Die Grundfarbe ist Schwarz. Ab einer Bestellmenge von 500 Stück [...]" />
<meta property="og:url" content="https://www.deplaatmaat.nl/de/?post_type=avada_faq&amp;p=4605" />
<meta property="og:site_name" content="De Plaatmaat" />
<meta property="article:publisher" content="https://www.facebook.com/deplaatmaat/" />
<meta property="article:modified_time" content="2024-11-19T14:25:17+00:00" />
<meta name="twitter:card" content="summary_large_image" />
<script type="application/ld+json" class="yoast-schema-graph">{"@context":"https:\/\/schema.org","@graph":[{"@type":"WebPage","@id":"https:\/\/www.deplaatmaat.nl\/de\/?post_type=avada_faq&p=4605","url":"https:\/\/www.deplaatmaat.nl\/de\/?post_type=avada_faq&p=4605","name":"- %","isPartOf":{"@id":"https:\/\/www.deplaatmaat.nl\/#website"},"datePublished":"2023-11-15T18:37:07+00:00","dateModified":"2024-11-19T14:25:17+00:00","breadcrumb":{"@id":"https:\/\/www.deplaatmaat.nl\/de\/?post_type=avada_faq&p=4605#breadcrumb"},"inLanguage":"de","potentialAction":[{"@type":"ReadAction","target":["https:\/\/www.deplaatmaat.nl\/de\/?post_type=avada_faq&p=4605"]}]},{"@type":"BreadcrumbList","@id":"https:\/\/www.deplaatmaat.nl\/de\/?post_type=avada_faq&p=4605#breadcrumb","itemListElement":[{"@type":"ListItem","position":1,"name":"Startseite","item":"https:\/\/www.deplaatmaat.nl\/de\/"},{"@type":"ListItem","position":2,"name":"FAQs","item":"https:\/\/www.deplaatmaat.nl\/faq-items\/"},{"@type":"ListItem","position":3,"name":"Eigene Farbe und eigenes Logo"}]},{"@type":"WebSite","@id":"https:\/\/www.deplaatmaat.nl\/#website","url":"https:\/\/www.deplaatmaat.nl\/","name":"De Plaatmaat","description":"","publisher":{"@id":"https:\/\/www.deplaatmaat.nl\/#organization"},"potentialAction":[{"@type":"SearchAction","target":{"@type":"EntryPoint","urlTemplate":"https:\/\/www.deplaatmaat.nl\/?s={search_term_string}"},"query-input":{"@type":"PropertyValueSpecification","valueRequired":true,"valueName":"search_term_string"}}],"inLanguage":"de"},{"@type":"Organization","@id":"https:\/\/www.deplaatmaat.nl\/#organization","name":"De Plaatmaat","url":"https:\/\/www.deplaatmaat.nl\/","logo":{"@type":"ImageObject","inLanguage":"de","@id":"https:\/\/www.deplaatmaat.nl\/#\/schema\/logo\/image\/","url":"https:\/\/www.deplaatmaat.nl\/wp-content\/uploads\/2024\/09\/240826_Deplaatmaat_Icoon_Vierkant_RoodZwart_RGB.png","contentUrl":"https:\/\/www.deplaatmaat.nl\/wp-content\/uploads\/2024\/09\/240826_Deplaatmaat_Icoon_Vierkant_RoodZwart_RGB.png","width":1948,"height":1947,"caption":"De Plaatmaat"},"image":{"@id":"https:\/\/www.deplaatmaat.nl\/#\/schema\/logo\/image\/"},"sameAs":["https:\/\/www.facebook.com\/deplaatmaat\/","https:\/\/nl.linkedin.com\/company\/de-plaatmaat"]}]}</script>
<!-- / Yoast SEO plugin. -->

Die Grundfarbe ist Schwarz. Ab einer Bestellmenge von 500 Stück [...]
